= i + 172. What is the units digit of m?
2
Suppose 179 = 2*d - 91. Suppose -s - 5*a = -140, -4*s = -3*s + 4*a - d. What is the units digit of s?
5
What is the hundreds digit of -134*114/(-36) - 5/15?
4
Let k(v) = 2*v**2 - 3*v - 14. Let n be k(8). Suppose n*p - 136 = 88*p. What is the units digit of p?
8
Suppose -l + 1 = 2*n, -2 - 10 = -2*l + n. What is the units digit of l?
5
Suppose 2*y = o - 164, -22 = 3*o + 5*y - 459. Let u = 227 - o. What is the units digit of u?
3
Let c be 1/((12/(-4))/3). What is the tens digit of (12/10)/(c/(-15))?
1
Suppose 4*u + 5*f - 348 = f, 4*u = 5*f + 321. Suppose -2*k - k + u = 0. Let w = -18 + k. What is the tens digit of w?
1
Let o(n) = 162*n + 46. What is the hundreds digit of o(6)?
0
What is the tens digit of ((-20427)/22)/(9/(-6))?
1
Let s = 297 - -27. What is the tens digit of s?
2
Let p = -1632 - -2307. What is the tens digit of p?
7
Let x be 2/3 + 92/(-12). Let g(a) = -2*a - 9. Let w be g(x). Suppose -2*p - w*m - 30 = -4*p, -6 = -2*p - m. What is the units digit of p?
5
Let k = 332 - 165. Let b = -84 + k. What is the units digit of b?
3
Let x be -2*(-3 - -2) + -4. Let w be -3 - -2 - (35 - x). Let u = -13 - w. What is the units digit of u?
5
Suppose -3*n + 0*n - 2*c = -461, 5*c + 475 = 3*n. Suppose 2 = f - n. What is the hundreds digit of f?
1
Let g(n) = n**3 + 2*n**2 + 30*n - 11. What is the thousands digit of g(12)?
2
Suppose -4*z = -8, 2*s - 2*z - 2 = 8. Suppose s*g + 9 = 4*g. What is the units digit of ((-2)/g)/(8/192)?
6
Suppose -o = -5*v + 16834, 19*o = 3*v + 17*o - 10106. What is the units digit of v?
6
Suppose -5*x - 2*v = v - 6, 2*x - 3*v = 15. Suppose 0 = -x*p + o + 221, -3*p + 4*o = -117 - 92. What is the tens digit of p?
7
Let g(z) = z**2 - 9*z - 7. What is the hundreds digit of g(16)?
1
Let s(g) = -4*g - 8. Let y(h) = h**2 - h. Let j(u) = -7*u**2 + 5*u - 7. Let p(n) = j(n) + 6*y(n). Let d be p(0). What is the units digit of s(d)?
0
Let x = 15 - 6. Let q be (-42)/2*x/9. Let f = 22 + q. What is the units digit of f?
1
Let u(p) = p + 2*p**2 - 6*p + p - 3. Let w be u(-1). Let s = 17 - w. What is the units digit of s?
4
Suppose 2*s + 2*k - 2 = 0, 3*k + 17 = -3*s + 4*k. Let y = s - -6. Suppose 46 = 2*p + 4*l, 3*p + 3*l - 87 = -y*p. What is the tens digit of p?
1
Let l(p) = 3*p - 10. Let m be l(5). Suppose 2*v + m*w + 0*w = 43, 4*w - 20 = -v. What is the tens digit of ((-9)/(-2))/(6/v)?
1
Let p(a) = -6*a - 5*a - a**2 - a - 2. Let h be p(-6). Let m = h - 18. What is the tens digit of m?
1
Suppose 10*t = -t - 66. Let g(j) = -22*j + 1. What is the hundreds digit of g(t)?
1
Suppose -5*x - 628 = -8*x - c, c - 417 = -2*x. What is the hundreds digit of x?
2
What is the hundreds digit of (-3)/24 - (-54152)/64?
8
Suppose 4*l = -46*l + 91650. What is the thousands digit of l?
1
Let r = 102 - 156. What is the tens digit of 3/((r/(-40))/9)?
2
Let j = 175 + -90. Suppose 0*w + 161 = 2*w - 3*b, -w + j = -3*b. What is the units digit of w?
6
Let d(i) = -3*i - 27. Let o be d(-12). Suppose 3*t + 15 = -o. Let j = 16 + t. What is the units digit of j?
8
Let i(z) = 213*z + 68. What is the units digit of i(3)?
7
Suppose w = 2*s - 13, -2*w = -0*w - 6. Suppose s = -4*f - 4. What is the tens digit of ((-46)/4)/(f/6)?
2
Suppose -53 + 9 = 2*t. Let s = t + 69. Let j = s - 27. What is the units digit of j?
0
Suppose -5*m + 3*q + 1389 = -m, 0 = -3*m - 2*q + 1029. What is the tens digit of m?
4
Suppose q - 6 + 4 = 0. Suppose -2*b + b = q. What is the tens digit of (3 - (b - 32)) + 3?
4
Let m = 1116 + -459. What is the tens digit of m?
5
Suppose 0 = 5*h - 2*i - 642, -5*h + i + 307 + 339 = 0. What is the hundreds digit of h?
1
Suppose j - 182 = 473. What is the hundreds digit of j?
6
Let w = 396 + -264. Suppose -37*z + w = -33*z. What is the units digit of z?
3
Let x be 138*2/8*-2. Let j be (-12)/6 - 35 - 2. Let v = j - x. What is the tens digit of v?
3
Let z(j) = -3*j - 2. Let m be z(-2). Suppose -5*o + 396 = m*b, -o + 5*b = -0*o - 85. What is the tens digit of o?
8
Let l(z) = z**3 + 7*z**2 - 4*z. Suppose 2*n - 3 - 15 = 0. Let a = -16 + n. What is the units digit of l(a)?
8
Let a = 3182 + -589. What is the thousands digit of a?
2
Let i(x) = -x**3 + 12*x**2 - 11*x + 12. What is the tens digit of i(11)?
1
Let l be ((-3)/6*6)/(3/2). Let u(o) = -19*o**3 + 2*o**2 + 3*o + 3. What is the units digit of u(l)?
7
What is the hundreds digit of (-7)/(7/(-5)) - (-4336 + -9)?
3
Suppose 0 = 51*b - 63*b + 36768. What is the hundreds digit of b?
0
Suppose 0 = -2*c - 5*i - 30, 5*c - 4*i = -13 + 4. Let x = 16 - c. Suppose -21 - x = -2*k. What is the units digit of k?
1
Let y(v) = v**2 + 4*v - 4. Let l be 318/24 - 2/8. Let d = -18 + l. What is the units digit of y(d)?
1
Let v(o) = -2*o**3 - 11*o**2 - o - 3. Let x be v(-8). What is the units digit of 1/2 + x/10?
3
Suppose 110*k + 660 = 114*k. Suppose 0 = s + 55 - k. What is the hundreds digit of s?
1
Let b be (2/5)/(8/120). Suppose -2*p = b, -3*a + 2*p + 222 = -3*p. What is the units digit of a?
9
What is the tens digit of (787/4)/((-3)/6)*-2?
8
Let x(p) = -p**2 - 3*p + 9. Let i be x(0). Suppose 7*c - i*c = -424. What is the hundreds digit of c?
2
Suppose -2*h = 5*l - 2 - 7, 3*h + 12 = l. Suppose l*t = 6 + 6. Suppose 2*m - 20 = -2*u, -5*m + 8*u = t*u - 59. What is the tens digit of m?
1
Suppose 0 = 2*a + 6, -2*d - d + 15 = -2*a. Suppose 0 = -5*r - 4*p, d*r + 6*p = p. Suppose r = -2*x + 6 + 12. What is the units digit of x?
9
What is the tens digit of (-68)/(-238) + (1 - (-45370)/14)?
4
Let y(k) = k**2 - k + 106. What is the hundreds digit of y(-18)?
4
Suppose 6*t - 4*t + 2647 = 5*o, -2*o + 1082 = 5*t. Let d = -281 + o. What is the tens digit of d?
5
Let u = 127 - 127. Suppose u = -2*r + 22 - 14. What is the units digit of r?
4
Suppose -42 = 21*c - 27*c. Suppose 0 = -c*d - 398 + 1693. What is the units digit of d?
5
Let y(h) = h + 28. What is the units digit of y(17)?
5
Suppose 8*q - 32 = -0*q. Suppose 9 = 3*i - 0, 0 = -4*y + q*i + 784. What is the tens digit of y?
9
Let p = -27 + 27. Suppose p = t + a - 46, 3*a + 10 = 3*t - 152. What is the tens digit of t?
5
Let h(g) = -5*g - 9. Let r be h(-7). Suppose -4*f + 192 = 4*n, 3*f + 4*n - 122 = r. Suppose 68 = 4*q - f. What is the tens digit of q?
2
Let m = -992 + 2663. What is the units digit of m?
1
Suppose -x - 2*z - 1696 = -3*x, 3*z + 3397 = 4*x. What is the tens digit of x?
5
What is the units digit of (-2 - -1) + -750*(-10)/10?
9
Let u(m) = -m**3 - 7*m**2 - 23*m + 18. What is the tens digit of u(-9)?
8
Let p(k) = -12*k + 13. Let a be p(-15). Let i = a + -107. What is the units digit of i?
6
Suppose -5*r - 15 = 5*k, 8*k + 2*r + 6 = 9*k. Let h = 6 - -68. Suppose 8 = 2*o, k*y + 4*o = -y + h. What is the tens digit of y?
5
Let h be (-1513)/(-221) - (-4)/26. Let m(a) = 24*a - 15. What is the hundreds digit of m(h)?
1
Suppose 5*t + 2*u - 11 = 0, -4*t - 3*u = -6 - 7. Let p(q) be the third derivative of 23*q**4/12 - q**3/6 - 3*q**2. What is the units digit of p(t)?
5
Suppose -r - r = -2. Let d = 16 + r. Let v = 24 - d. What is the units digit of v?
7
Suppose -6*w - 183 = -4*m - 3*w, m - 42 = -3*w. Let c = m - 38. What is the units digit of c?
7
Let k = -167 + 149. Suppose 2*c = -2*m + m + 29, -5*c = -5*m + 70. Let l = k + m. What is the units digit of l?
1
Let w = 5 + -2. Suppose -47*l + 48*l - 2 = 0. Suppose -w*i = l*i - 20. What is the units digit of i?
4
Suppose 0 = -18*u + 23*u - 7335. What is the thousands digit of u?
1
Suppose -15*g = -337 - 4448. Suppose -9*z - g = -1930. What is the hundreds digit of z?
1
Suppose -s - 889 + 1081 = 0. What is the units digit of s?
2
Let h(x) = x + 1. Let y(s) = 6*s - 23. Let b(k) = 3*h(k) - y(k). What is the tens digit of b(-10)?
5
Let z(p) = 4*p**2 - 23*p + 34. What is the units digit of z(9)?
1
Let k = 3420 - -583. What is the units digit of k?
3
Let g(f) = -f**2 + 112*f - 223. What is the hundreds digit of g(43)?
7
Suppose 19 + 1 = 2*n. What is the units digit of n?
0
Let v(r) = -r**3 - 7*r**2 - 7*r - 2. Let s be v(-6). Suppose w + 36 = s*w. What is the tens digit of w?
1
Suppose a - 7 - 2 = -5*t, 0 = -2*t. Suppose -7*r = -a*r + 4. Suppose -4*w - m - 21 = -241, w + r*m = 48. What is the units digit of w?
6
Let k(u) = u + 11. Let d be k(-9). Suppose 2*g = 3*b + 18, d*b - 4*b = 3*g - 27. What is the units digit of